CRAN Package Check Results for Package quantreg

Last updated on 2020-07-11 03:47:12 CEST.

Flavor Version Tinstall Tcheck Ttotal Status Flags
r-devel-linux-x86_64-debian-clang 5.55 25.45 149.20 174.65 OK
r-devel-linux-x86_64-debian-gcc 5.61 18.82 117.02 135.84 OK
r-devel-linux-x86_64-fedora-clang 5.61 234.57 NOTE
r-devel-linux-x86_64-fedora-gcc 5.61 220.89 OK
r-devel-windows-ix86+x86_64 5.55 60.00 297.00 357.00 OK
r-patched-linux-x86_64 5.61 26.47 152.11 178.58 OK
r-patched-solaris-x86 5.61 302.80 OK
r-release-linux-x86_64 5.55 23.85 148.06 171.91 OK
r-release-osx-x86_64 5.55 OK
r-release-windows-ix86+x86_64 5.61 82.00 307.00 389.00 OK
r-oldrel-osx-x86_64 5.61 OK
r-oldrel-windows-ix86+x86_64 5.55 79.00 232.00 311.00 OK

Check Details

Version: 5.61
Check: Rd cross-references
Result: NOTE
    Undeclared package ‘dynlm’ in Rd xrefs
Flavor: r-devel-linux-x86_64-fedora-clang