CRAN Package Check Results for Package quantmod

Last updated on 2020-07-13 04:48:36 CEST.

Flavor Version Tinstall Tcheck Ttotal Status Flags
r-devel-linux-x86_64-debian-clang 0.4.17 17.61 82.70 100.31 NOTE
r-devel-linux-x86_64-debian-gcc 0.4.17 14.47 64.14 78.61 NOTE
r-devel-linux-x86_64-fedora-clang 0.4.17 124.01 OK
r-devel-linux-x86_64-fedora-gcc 0.4.17 121.83 OK
r-devel-windows-ix86+x86_64 0.4.17 21.00 92.00 113.00 OK
r-patched-linux-x86_64 0.4.17 14.22 83.54 97.76 NOTE
r-patched-solaris-x86 0.4.17 146.50 OK
r-release-linux-x86_64 0.4.17 15.41 84.40 99.81 NOTE
r-release-macos-x86_64 0.4.17 ERROR
r-release-windows-ix86+x86_64 0.4.17 36.00 98.00 134.00 OK
r-oldrel-macos-x86_64 0.4.17 OK
r-oldrel-windows-ix86+x86_64 0.4.17 28.00 93.00 121.00 OK

Check Details

Version: 0.4.17
Check: R code for possible problems
Result: NOTE
    Found the following calls to attach():
    File 'quantmod/R/attachSymbols.R':
     attach(NULL, pos = pos, name = DB$name)
     attach(NULL, pos = pos, name = DB$name)
    See section 'Good practice' in '?attach'.
Flavors: r-devel-linux-x86_64-debian-clang, r-devel-linux-x86_64-debian-gcc, r-patched-linux-x86_64, r-release-linux-x86_64

Version: 0.4.17
Check: whether package can be installed
Result: ERROR
    Installation failed.
Flavor: r-release-macos-x86_64