CRAN Package Check Results for Package quRan

Last updated on 2020-08-06 15:49:42 CEST.

Flavor Version Tinstall Tcheck Ttotal Status Flags
r-devel-linux-x86_64-debian-clang 0.1.0 3.05 24.24 27.29 OK
r-devel-linux-x86_64-debian-gcc 0.1.0 2.39 19.64 22.03 OK
r-devel-linux-x86_64-fedora-clang 0.1.0 41.31 NOTE
r-devel-linux-x86_64-fedora-gcc 0.1.0 31.63 NOTE
r-devel-windows-ix86+x86_64 0.1.0 9.00 47.00 56.00 OK
r-patched-linux-x86_64 0.1.0 2.82 23.68 26.50 OK
r-patched-solaris-x86 0.1.0 48.50 NOTE
r-release-linux-x86_64 0.1.0 3.19 23.75 26.94 OK
r-release-macos-x86_64 0.1.0 NOTE
r-release-windows-ix86+x86_64 0.1.0 9.00 39.00 48.00 OK
r-oldrel-macos-x86_64 0.1.0 NOTE
r-oldrel-windows-ix86+x86_64 0.1.0 6.00 45.00 51.00 OK

Check Details

Version: 0.1.0
Check: data for non-ASCII characters
Result: NOTE
     Note: found 12928 marked UTF-8 strings
Flavors: r-devel-linux-x86_64-fedora-clang, r-devel-linux-x86_64-fedora-gcc, r-patched-solaris-x86, r-release-macos-x86_64, r-oldrel-macos-x86_64