CRAN Package Check Results for Package qtlc

Last updated on 2020-08-08 15:46:58 CEST.

Flavor Version Tinstall Tcheck Ttotal Status Flags
r-devel-linux-x86_64-debian-clang 1.0 4.92 42.39 47.31 OK
r-devel-linux-x86_64-debian-gcc 1.0 3.87 33.12 36.99 OK
r-devel-linux-x86_64-fedora-clang 1.0 63.49 OK
r-devel-linux-x86_64-fedora-gcc 1.0 54.50 OK
r-devel-windows-ix86+x86_64 1.0 16.00 80.00 96.00 OK
r-patched-linux-x86_64 1.0 5.23 42.06 47.29 OK
r-patched-solaris-x86 1.0 83.30 OK
r-release-linux-x86_64 1.0 5.05 41.88 46.93 OK
r-release-macos-x86_64 1.0 OK
r-release-windows-ix86+x86_64 1.0 20.00 54.00 74.00 OK
r-oldrel-macos-x86_64 1.0 WARN
r-oldrel-windows-ix86+x86_64 1.0 11.00 71.00 82.00 OK

Check Details

Version: 1.0
Check: whether package can be installed
Result: WARN
    Found the following significant warnings:
     Warning: 'rgl_init' failed, running with rgl.useNULL = TRUE
Flavor: r-oldrel-macos-x86_64