Last updated on 2023-12-04 05:09:17 CET.
Flavor | Version | Tinstall | Tcheck | Ttotal | Status | Flags |
---|---|---|---|---|---|---|
r-devel-linux-x86_64-debian-clang | 0.34 | 930.67 | 271.50 | 1202.17 | OK | |
r-devel-linux-x86_64-debian-gcc | 0.34 | 615.52 | 203.19 | 818.71 | OK | |
r-devel-linux-x86_64-fedora-clang | 0.34 | 1880.61 | NOTE | |||
r-devel-linux-x86_64-fedora-gcc | 0.34 | 1893.79 | OK | |||
r-devel-windows-x86_64 | 0.34 | 680.00 | 264.00 | 944.00 | NOTE | |
r-patched-linux-x86_64 | 0.34 | 761.80 | 257.90 | 1019.70 | OK | |
r-release-linux-x86_64 | 0.34 | 780.96 | 262.59 | 1043.55 | OK | |
r-release-macos-arm64 | 0.34 | 284.00 | NOTE | |||
r-release-macos-x86_64 | 0.34 | 317.00 | NOTE | |||
r-release-windows-x86_64 | 0.34 | 872.00 | 328.00 | 1200.00 | NOTE | |
r-oldrel-macos-arm64 | 0.34 | 278.00 | NOTE | |||
r-oldrel-macos-x86_64 | 0.32 | 409.00 | NOTE | |||
r-oldrel-windows-x86_64 | 0.34 | 774.00 | 293.00 | 1067.00 | NOTE |
Version: 0.34
Check: installed package size
Result: NOTE
installed size is 6.4Mb
sub-directories of 1Mb or more:
extdata 3.3Mb
libs 1.7Mb
Flavors: r-devel-linux-x86_64-fedora-clang, r-devel-windows-x86_64, r-release-macos-arm64, r-release-macos-x86_64, r-release-windows-x86_64, r-oldrel-macos-arm64, r-oldrel-windows-x86_64
Version: 0.32
Check: installed package size
Result: NOTE
installed size is 38.4Mb
sub-directories of 1Mb or more:
extdata 3.3Mb
libs 33.8Mb
Flavor: r-oldrel-macos-x86_64