CRAN Package Check Results for Package qtl

Last updated on 2020-07-13 04:48:36 CEST.

Flavor Version Tinstall Tcheck Ttotal Status Flags
r-devel-linux-x86_64-debian-clang 1.46-2 82.30 370.51 452.81 OK
r-devel-linux-x86_64-debian-gcc 1.46-2 62.53 269.55 332.08 OK
r-devel-linux-x86_64-fedora-clang 1.46-2 544.25 NOTE
r-devel-linux-x86_64-fedora-gcc 1.46-2 546.94 OK
r-devel-windows-ix86+x86_64 1.46-2 214.00 617.00 831.00 NOTE
r-patched-linux-x86_64 1.46-2 71.26 367.80 439.06 OK
r-patched-solaris-x86 1.46-2 655.90 NOTE
r-release-linux-x86_64 1.46-2 73.78 366.17 439.95 OK
r-release-macos-x86_64 1.46-2 ERROR
r-release-windows-ix86+x86_64 1.46-2 203.00 480.00 683.00 NOTE
r-oldrel-macos-x86_64 1.46-2 NOTE
r-oldrel-windows-ix86+x86_64 1.46-2 203.00 501.00 704.00 NOTE

Check Details

Version: 1.46-2
Check: installed package size
Result: NOTE
     installed size is 11.6Mb
     sub-directories of 1Mb or more:
     R 1.7Mb
     contrib 3.8Mb
     doc 3.0Mb
     libs 1.6Mb
Flavors: r-devel-linux-x86_64-fedora-clang, r-devel-windows-ix86+x86_64, r-patched-solaris-x86, r-release-windows-ix86+x86_64, r-oldrel-macos-x86_64, r-oldrel-windows-ix86+x86_64

Version: 1.46-2
Check: whether package can be installed
Result: ERROR
    Installation failed.
Flavor: r-release-macos-x86_64