Last updated on 2023-12-07 16:49:42 CET.
Flavor | Version | Tinstall | Tcheck | Ttotal | Status | Flags |
---|---|---|---|---|---|---|
r-devel-linux-x86_64-debian-clang | 0.2.2 | 3.18 | 53.81 | 56.99 | OK | |
r-devel-linux-x86_64-debian-gcc | 0.2.2 | 2.82 | 39.12 | 41.94 | OK | |
r-devel-linux-x86_64-fedora-clang | 0.2.2 | 69.28 | NOTE | |||
r-devel-linux-x86_64-fedora-gcc | 0.2.2 | 67.71 | OK | |||
r-devel-windows-x86_64 | 0.2.2 | 4.00 | 57.00 | 61.00 | OK | |
r-patched-linux-x86_64 | 0.2.2 | 3.31 | 50.47 | 53.78 | OK | |
r-release-linux-x86_64 | 0.2.2 | 3.55 | 49.49 | 53.04 | OK | |
r-release-macos-arm64 | 0.2.2 | 27.00 | OK | |||
r-release-macos-x86_64 | 0.2.2 | 55.00 | OK | |||
r-release-windows-x86_64 | 0.2.2 | 4.00 | 66.00 | 70.00 | OK | |
r-oldrel-macos-arm64 | 0.2.2 | 29.00 | OK | |||
r-oldrel-macos-x86_64 | 0.2.1 | 30.00 | OK | |||
r-oldrel-windows-x86_64 | 0.2.2 | 5.00 | 66.00 | 71.00 | OK |
Version: 0.2.2
Check: package dependencies
Result: NOTE
Package suggested but not available for checking: ‘opencv’
Flavor: r-devel-linux-x86_64-fedora-clang