CRAN Package Check Results for Package qpdf

Last updated on 2020-07-02 15:54:07 CEST.

Flavor Version Tinstall Tcheck Ttotal Status Flags
r-devel-linux-x86_64-debian-clang 1.1 140.27 27.03 167.30 OK
r-devel-linux-x86_64-debian-gcc 1.1 119.14 21.08 140.22 OK
r-devel-linux-x86_64-fedora-clang 1.1 291.48 NOTE
r-devel-linux-x86_64-fedora-gcc 1.1 233.15 OK
r-devel-windows-ix86+x86_64 1.1 363.00 70.00 433.00 NOTE
r-patched-linux-x86_64 1.1 120.50 26.78 147.28 OK
r-patched-solaris-x86 1.1 197.40 OK
r-release-linux-x86_64 1.1 118.68 26.68 145.36 OK
r-release-osx-x86_64 1.1 NOTE
r-release-windows-ix86+x86_64 1.1 282.00 79.00 361.00 NOTE
r-oldrel-osx-x86_64 1.1 NOTE
r-oldrel-windows-ix86+x86_64 1.1 369.00 96.00 465.00 OK

Check Details

Version: 1.1
Check: installed package size
Result: NOTE
     installed size is 15.9Mb
     sub-directories of 1Mb or more:
     libs 15.8Mb
Flavors: r-devel-linux-x86_64-fedora-clang, r-devel-windows-ix86+x86_64, r-release-osx-x86_64, r-release-windows-ix86+x86_64, r-oldrel-osx-x86_64