CRAN Package Check Results for Package qgraph

Last updated on 2020-07-10 03:47:27 CEST.

Flavor Version Tinstall Tcheck Ttotal Status Flags
r-devel-linux-x86_64-debian-clang 1.6.5 43.52 149.99 193.51 OK
r-devel-linux-x86_64-debian-gcc 1.6.5 33.48 117.25 150.73 OK
r-devel-linux-x86_64-fedora-clang 1.6.5 245.48 NOTE
r-devel-linux-x86_64-fedora-gcc 1.6.5 229.04 OK
r-devel-windows-ix86+x86_64 1.6.5 79.00 217.00 296.00 OK
r-patched-linux-x86_64 1.6.5 32.64 148.52 181.16 OK
r-patched-solaris-x86 1.6.5 290.20 OK
r-release-linux-x86_64 1.6.5 31.80 148.04 179.84 OK
r-release-osx-x86_64 1.6.5 NOTE
r-release-windows-ix86+x86_64 1.6.5 70.00 197.00 267.00 OK
r-oldrel-osx-x86_64 1.6.5 OK
r-oldrel-windows-ix86+x86_64 1.6.5 73.00 188.00 261.00 OK

Check Details

Version: 1.6.5
Check: package dependencies
Result: NOTE
    Imports includes 24 non-default packages.
    Importing from so many packages makes the package vulnerable to any of
    them becoming unavailable. Move as many as possible to Suggests and
    use conditionally.
Flavor: r-devel-linux-x86_64-fedora-clang

Version: 1.6.5
Check: package dependencies
Result: NOTE
    Package suggested but not available for checking: ‘sendplot’
Flavor: r-release-osx-x86_64

Version: 1.6.5
Check: Rd cross-references
Result: NOTE
    Package unavailable to check Rd xrefs: ‘sendplot’
Flavor: r-release-osx-x86_64