CRAN Package Check Results for Package qgg

Last updated on 2024-02-23 16:53:27 CET.

Flavor Version Tinstall Tcheck Ttotal Status Flags
r-devel-linux-x86_64-debian-clang 1.1.2 NOTE
r-devel-linux-x86_64-debian-gcc 1.1.2 103.86 103.24 207.10 NOTE
r-devel-linux-x86_64-fedora-clang 1.1.2 357.86 NOTE
r-devel-linux-x86_64-fedora-gcc 1.1.2 354.64 OK
r-devel-windows-x86_64 1.1.2 98.00 132.00 230.00 OK
r-patched-linux-x86_64 1.1.2 128.72 135.02 263.74 OK
r-release-linux-x86_64 1.1.2 121.85 134.77 256.62 OK
r-release-macos-arm64 1.1.2 98.00 NOTE
r-release-macos-x86_64 1.1.2 136.00 NOTE
r-release-windows-x86_64 1.1.2 126.00 163.00 289.00 OK
r-oldrel-macos-arm64 1.1.2 78.00 NOTE
r-oldrel-windows-x86_64 1.1.2 118.00 147.00 265.00 OK

Check Details

Version: 1.1.2
Check: Rd files
Result: NOTE checkRd: (-1) gmap.Rd:195: Lost braces in \itemize; \value handles \item{}{} directly checkRd: (-1) gmap.Rd:196: Lost braces in \itemize; \value handles \item{}{} directly checkRd: (-1) gmap.Rd:197: Lost braces in \itemize; \value handles \item{}{} directly checkRd: (-1) gmap.Rd:198: Lost braces in \itemize; \value handles \item{}{} directly checkRd: (-1) gmap.Rd:199: Lost braces in \itemize; \value handles \item{}{} directly checkRd: (-1) gmap.Rd:200: Lost braces in \itemize; \value handles \item{}{} directly checkRd: (-1) gmap.Rd:201: Lost braces in \itemize; \value handles \item{}{} directly checkRd: (-1) gmap.Rd:202: Lost braces in \itemize; \value handles \item{}{} directly checkRd: (-1) gmap.Rd:203: Lost braces in \itemize; \value handles \item{}{} directly checkRd: (-1) gmap.Rd:204: Lost braces in \itemize; \value handles \item{}{} directly checkRd: (-1) gmap.Rd:205: Lost braces in \itemize; \value handles \item{}{} directly checkRd: (-1) gmap.Rd:206: Lost braces in \itemize; \value handles \item{}{} directly Flavors: r-devel-linux-x86_64-debian-clang, r-devel-linux-x86_64-debian-gcc

Version: 1.1.2
Check: installed package size
Result: NOTE installed size is 6.8Mb sub-directories of 1Mb or more: libs 6.0Mb Flavors: r-devel-linux-x86_64-fedora-clang, r-release-macos-arm64, r-release-macos-x86_64, r-oldrel-macos-arm64