Last updated on 2023-12-04 05:09:17 CET.
Flavor | Version | Tinstall | Tcheck | Ttotal | Status | Flags |
---|---|---|---|---|---|---|
r-devel-linux-x86_64-debian-clang | 2.15.2 | 18.44 | 302.16 | 320.60 | NOTE | |
r-devel-linux-x86_64-debian-gcc | 2.15.2 | 14.65 | 224.26 | 238.91 | NOTE | |
r-devel-linux-x86_64-fedora-clang | 2.15.2 | 390.14 | OK | |||
r-devel-linux-x86_64-fedora-gcc | 2.15.2 | 400.42 | OK | |||
r-devel-windows-x86_64 | 2.15.2 | 17.00 | 257.00 | 274.00 | OK | |
r-patched-linux-x86_64 | 2.15.2 | 14.53 | 292.02 | 306.55 | OK | |
r-release-linux-x86_64 | 2.15.2 | 12.99 | 290.75 | 303.74 | OK | |
r-release-macos-arm64 | 2.15.2 | 130.00 | OK | |||
r-release-macos-x86_64 | 2.15.2 | 305.00 | OK | |||
r-release-windows-x86_64 | 2.15.2 | 22.00 | 325.00 | 347.00 | OK | |
r-oldrel-macos-arm64 | 2.15.2 | 138.00 | OK | |||
r-oldrel-macos-x86_64 | 2.15.2 | 196.00 | OK | |||
r-oldrel-windows-x86_64 | 2.15.2 | 24.00 | 322.00 | 346.00 | OK |
Version: 2.15.2
Check: Rd files
Result: NOTE
checkRd: (-1) qgcomp.survcurve.boot.Rd:17-19: Lost braces in \itemize; \value handles \item{}{} directly
checkRd: (-1) qgcomp.survcurve.boot.Rd:20-21: Lost braces in \itemize; \value handles \item{}{} directly
checkRd: (-1) qgcomp.survcurve.boot.Rd:22-23: Lost braces in \itemize; \value handles \item{}{} directly
checkRd: (-1) qgcomp.survcurve.boot.Rd:24-25: Lost braces in \itemize; \value handles \item{}{} directly
Flavors: r-devel-linux-x86_64-debian-clang, r-devel-linux-x86_64-debian-gcc