CRAN Package Check Results for Package qfratio

Last updated on 2024-02-25 04:51:14 CET.

Flavor Version Tinstall Tcheck Ttotal Status Flags
r-devel-linux-x86_64-debian-clang 1.1.1 368.56 216.84 585.40 OK
r-devel-linux-x86_64-debian-gcc 1.1.1 302.24 166.94 469.18 OK
r-devel-linux-x86_64-fedora-clang 1.1.1 694.32 OK
r-devel-linux-x86_64-fedora-gcc 1.1.1 605.61 OK
r-devel-windows-x86_64 1.1.1 272.00 198.00 470.00 OK
r-patched-linux-x86_64 1.1.1 369.00 218.80 587.80 OK
r-release-linux-x86_64 1.1.1 350.98 214.46 565.44 OK
r-release-macos-arm64 1.1.1 184.00 NOTE
r-release-macos-x86_64 1.1.1 416.00 NOTE
r-release-windows-x86_64 1.1.1 342.00 250.00 592.00 OK
r-oldrel-macos-arm64 1.1.1 175.00 NOTE
r-oldrel-windows-x86_64 1.1.1 305.00 227.00 532.00 OK

Check Details

Version: 1.1.1
Check: installed package size
Result: NOTE installed size is 119.7Mb sub-directories of 1Mb or more: libs 118.4Mb Flavors: r-release-macos-arm64, r-release-macos-x86_64, r-oldrel-macos-arm64