CRAN Package Check Results for Package qccrs

Last updated on 2024-02-21 16:51:35 CET.

Flavor Version Tinstall Tcheck Ttotal Status Flags
r-devel-linux-x86_64-debian-clang 0.1.0 NOTE
r-devel-linux-x86_64-debian-gcc 0.1.0 3.59 30.93 34.52 NOTE
r-devel-linux-x86_64-fedora-clang 0.1.0 56.18 NOTE
r-devel-linux-x86_64-fedora-gcc 0.1.0 54.26 NOTE
r-devel-windows-x86_64 0.1.0 6.00 52.00 58.00 NOTE
r-patched-linux-x86_64 0.1.0 5.22 40.38 45.60 NOTE
r-release-linux-x86_64 0.1.0 4.71 40.39 45.10 NOTE
r-release-macos-arm64 0.1.0 25.00 NOTE
r-release-macos-x86_64 0.1.0 30.00 NOTE
r-release-windows-x86_64 0.1.0 7.00 55.00 62.00 NOTE
r-oldrel-macos-arm64 0.1.0 22.00 NOTE
r-oldrel-windows-x86_64 0.1.0 8.00 59.00 67.00 NOTE

Check Details

Version: 0.1.0
Check: LazyData
Result: NOTE 'LazyData' is specified without a 'data' directory Flavors: r-devel-linux-x86_64-debian-clang, r-devel-linux-x86_64-debian-gcc, r-devel-linux-x86_64-fedora-clang, r-devel-linux-x86_64-fedora-gcc, r-devel-windows-x86_64, r-patched-linux-x86_64, r-release-linux-x86_64, r-release-macos-arm64, r-release-macos-x86_64, r-release-windows-x86_64, r-oldrel-macos-arm64, r-oldrel-windows-x86_64