CRAN Package Check Results for Package pzfx

Last updated on 2024-02-25 04:51:14 CET.

Flavor Version Tinstall Tcheck Ttotal Status Flags
r-devel-linux-x86_64-debian-clang 0.3.0 2.81 28.52 31.33 NOTE
r-devel-linux-x86_64-debian-gcc 0.3.0 1.45 22.97 24.42 NOTE
r-devel-linux-x86_64-fedora-clang 0.3.0 40.11 NOTE
r-devel-linux-x86_64-fedora-gcc 0.3.0 48.84 NOTE
r-devel-windows-x86_64 0.3.0 3.00 44.00 47.00 NOTE
r-patched-linux-x86_64 0.3.0 1.94 28.36 30.30 NOTE
r-release-linux-x86_64 0.3.0 2.18 28.41 30.59 NOTE
r-release-macos-arm64 0.3.0 37.00 NOTE
r-release-macos-x86_64 0.3.0 33.00 NOTE
r-release-windows-x86_64 0.3.0 4.00 45.00 49.00 NOTE
r-oldrel-macos-arm64 0.3.0 25.00 NOTE
r-oldrel-windows-x86_64 0.3.0 4.00 50.00 54.00 NOTE

Check Details

Version: 0.3.0
Check: LazyData
Result: NOTE 'LazyData' is specified without a 'data' directory Flavors: r-devel-linux-x86_64-debian-clang, r-devel-linux-x86_64-debian-gcc, r-devel-linux-x86_64-fedora-clang, r-devel-linux-x86_64-fedora-gcc, r-devel-windows-x86_64, r-patched-linux-x86_64, r-release-linux-x86_64, r-release-macos-arm64, r-release-macos-x86_64, r-release-windows-x86_64, r-oldrel-macos-arm64, r-oldrel-windows-x86_64