CRAN Package Check Results for Package pxweb

Last updated on 2020-09-20 16:14:25 CEST.

Flavor Version Tinstall Tcheck Ttotal Status Flags
r-devel-linux-x86_64-debian-clang 0.9.1 8.55 52.78 61.33 OK
r-devel-linux-x86_64-debian-gcc 0.9.1 7.22 41.12 48.34 OK
r-devel-linux-x86_64-fedora-clang 0.9.1 83.78 OK
r-devel-linux-x86_64-fedora-gcc 0.9.1 75.58 OK
r-devel-windows-ix86+x86_64 0.9.1 18.00 96.00 114.00 ERROR
r-patched-linux-x86_64 0.9.1 8.45 52.75 61.20 OK
r-patched-solaris-x86 0.9.1 97.30 OK
r-release-linux-x86_64 0.9.1 8.72 52.76 61.48 OK
r-release-macos-x86_64 0.9.1 OK
r-release-windows-ix86+x86_64 0.9.1 18.00 77.00 95.00 OK
r-oldrel-macos-x86_64 0.9.1 OK
r-oldrel-windows-ix86+x86_64 0.9.1 8.00 76.00 84.00 OK

Check Details

Version: 0.9.1
Check: tests
Result: ERROR
     Running 'testthat.R' [18s]
    Running the tests in 'tests/testthat.R' failed.
    Complete output:
     > print(Sys.getenv("NOT_CRAN"))
     [1] ""
     > testthat::test_check("pxweb")
     Loading required package: pxweb
     pxweb: R tools for PX-WEB API.
     Copyright (C) 2014-2018 Mans Magnusson, Leo Lahti et al.
     https://github.com/ropengov/pxweb
    
     -- 1. Error: Test warnings (@test-get_pxweb_data.R#154) -----------------------
     No internet connection to http://api.scb.se/OV0104/v1/doris/sv/ssd/TK/TK1001/TK1001S/SnabbStatTK1001
     Backtrace:
     1. testthat::expect_that(...)
     8. pxweb::get_pxweb_data(url = test_url, dims = test_dims, clean = FALSE)
     11. pxweb:::reorder_and_check_dims(url, dims)
     12. pxweb::get_pxweb_metadata(path = url)
    
     == testthat results ===========================================================
     [ OK: 97 | SKIPPED: 50 | WARNINGS: 0 | FAILED: 1 ]
     1. Error: Test warnings (@test-get_pxweb_data.R#154)
    
     Error: testthat unit tests failed
     Execution halted
Flavor: r-devel-windows-ix86+x86_64