CRAN Package Check Results for Package pullword

Last updated on 2020-08-06 15:49:41 CEST.

Flavor Version Tinstall Tcheck Ttotal Status Flags
r-devel-linux-x86_64-debian-clang 0.2 3.85 26.03 29.88 OK
r-devel-linux-x86_64-debian-gcc 0.2 2.67 19.91 22.58 OK
r-devel-linux-x86_64-fedora-clang 0.2 41.94 NOTE
r-devel-linux-x86_64-fedora-gcc 0.2 33.02 NOTE
r-devel-windows-ix86+x86_64 0.2 17.00 46.00 63.00 OK
r-patched-linux-x86_64 0.2 3.33 24.58 27.91 OK
r-patched-solaris-x86 0.2 56.50 OK
r-release-linux-x86_64 0.2 3.64 25.12 28.76 OK
r-release-macos-x86_64 0.2 OK
r-release-windows-ix86+x86_64 0.2 12.00 45.00 57.00 OK
r-oldrel-macos-x86_64 0.2 OK
r-oldrel-windows-ix86+x86_64 0.2 11.00 43.00 54.00 OK

Check Details

Version: 0.2
Check: compiled code
Result: NOTE
    File ‘pullword/libs/pullword.so’:
     Found no calls to: ‘R_registerRoutines’, ‘R_useDynamicSymbols’
    
    It is good practice to register native routines and to disable symbol
    search.
    
    See ‘Writing portable packages’ in the ‘Writing R Extensions’ manual.
Flavors: r-devel-linux-x86_64-fedora-clang, r-devel-linux-x86_64-fedora-gcc