CRAN Package Check Results for Package pubmedR

Last updated on 2020-08-13 15:51:16 CEST.

Flavor Version Tinstall Tcheck Ttotal Status Flags
r-devel-linux-x86_64-debian-clang 0.0.3 2.98 28.98 31.96 NOTE
r-devel-linux-x86_64-debian-gcc 0.0.3 2.65 23.32 25.97 OK
r-devel-linux-x86_64-fedora-clang 0.0.3 47.21 OK
r-devel-linux-x86_64-fedora-gcc 0.0.3 37.53 OK
r-devel-windows-ix86+x86_64 0.0.3 9.00 53.00 62.00 OK
r-patched-linux-x86_64 0.0.3 3.07 29.36 32.43 OK
r-patched-solaris-x86 0.0.3 64.20 OK
r-release-linux-x86_64 0.0.3 3.37 29.20 32.57 OK
r-release-macos-x86_64 0.0.3 OK
r-release-windows-ix86+x86_64 0.0.3 10.00 59.00 69.00 OK
r-oldrel-macos-x86_64 0.0.3 OK
r-oldrel-windows-ix86+x86_64 0.0.3 6.00 39.00 45.00 OK

Check Details

Version: 0.0.3
Check: package dependencies
Result: NOTE
    Package suggested but not available for checking: 'bibliometrix'
Flavor: r-devel-linux-x86_64-debian-clang