CRAN Package Check Results for Package publipha

Last updated on 2020-08-07 15:48:52 CEST.

Flavor Version Tinstall Tcheck Ttotal Status Flags
r-devel-linux-x86_64-debian-clang 0.1.1 322.72 101.32 424.04 NOTE
r-devel-linux-x86_64-debian-gcc 0.1.1 295.01 89.62 384.63 NOTE
r-devel-linux-x86_64-fedora-clang 0.1.1 593.76 NOTE
r-devel-linux-x86_64-fedora-gcc 0.1.1 639.75 NOTE
r-devel-windows-ix86+x86_64 0.1.1 56.00 5.00 61.00 ERROR
r-patched-linux-x86_64 0.1.1 326.08 113.60 439.68 NOTE
r-patched-solaris-x86 0.1.1 575.80 NOTE
r-release-linux-x86_64 0.1.1 261.73 114.24 375.97 NOTE
r-release-macos-x86_64 0.1.1 NOTE
r-release-windows-ix86+x86_64 0.1.1 727.00 268.00 995.00 NOTE
r-oldrel-macos-x86_64 0.1.1 NOTE
r-oldrel-windows-ix86+x86_64 0.1.1 521.00 176.00 697.00 NOTE

Check Details

Version: 0.1.1
Check: for GNU extensions in Makefiles
Result: NOTE
    GNU make is a SystemRequirements.
Flavors: r-devel-linux-x86_64-debian-clang, r-devel-linux-x86_64-debian-gcc, r-devel-linux-x86_64-fedora-clang, r-devel-linux-x86_64-fedora-gcc, r-patched-linux-x86_64, r-patched-solaris-x86, r-release-linux-x86_64, r-release-macos-x86_64, r-release-windows-ix86+x86_64, r-oldrel-macos-x86_64, r-oldrel-windows-ix86+x86_64

Version: 0.1.1
Check: installed package size
Result: NOTE
     installed size is 60.4Mb
     sub-directories of 1Mb or more:
     libs 59.9Mb
Flavors: r-devel-linux-x86_64-fedora-clang, r-release-macos-x86_64, r-release-windows-ix86+x86_64, r-oldrel-macos-x86_64, r-oldrel-windows-ix86+x86_64

Version: 0.1.1
Check: data for non-ASCII characters
Result: NOTE
     Note: found 35 marked UTF-8 strings
Flavors: r-devel-linux-x86_64-fedora-clang, r-devel-linux-x86_64-fedora-gcc, r-patched-solaris-x86, r-release-macos-x86_64, r-oldrel-macos-x86_64

Version: 0.1.1
Check: whether package can be installed
Result: ERROR
    Installation failed.
Flavor: r-devel-windows-ix86+x86_64