CRAN Package Check Results for Package pubh

Last updated on 2020-10-26 03:48:31 CET.

Flavor Version Tinstall Tcheck Ttotal Status Flags
r-devel-linux-x86_64-debian-clang 1.1.16 9.93 194.62 204.55 OK
r-devel-linux-x86_64-debian-gcc 1.1.16 7.90 141.23 149.13 OK
r-devel-linux-x86_64-fedora-clang 1.1.16 250.33 NOTE
r-devel-linux-x86_64-fedora-gcc 1.1.16 238.16 NOTE
r-devel-windows-ix86+x86_64 1.1.16 28.00 240.00 268.00 OK
r-patched-linux-x86_64 1.1.16 6.19 177.74 183.93 OK
r-patched-solaris-x86 1.1.16 318.80 NOTE
r-release-linux-x86_64 1.1.16 7.54 174.07 181.61 OK
r-release-macos-x86_64 1.1.16 NOTE
r-release-windows-ix86+x86_64 1.1.16 31.00 168.00 199.00 OK
r-oldrel-macos-x86_64 1.1.16 ERROR

Check Details

Version: 1.1.16
Check: dependencies in R code
Result: NOTE
    Namespace in Imports field not imported from: ‘Hmisc’
     All declared Imports should be used.
Flavors: r-devel-linux-x86_64-fedora-clang, r-devel-linux-x86_64-fedora-gcc, r-patched-solaris-x86, r-release-macos-x86_64

Version: 1.1.16
Check: whether package can be installed
Result: ERROR
    Installation failed.
Flavor: r-oldrel-macos-x86_64