Last updated on 2023-12-08 05:02:13 CET.
Flavor | Version | Tinstall | Tcheck | Ttotal | Status | Flags |
---|---|---|---|---|---|---|
r-devel-linux-x86_64-debian-clang | 1.3.1 | 11.34 | 311.08 | 322.42 | OK | |
r-devel-linux-x86_64-debian-gcc | 1.3.1 | 9.25 | 229.20 | 238.45 | OK | |
r-devel-linux-x86_64-fedora-clang | 1.3.1 | 410.93 | OK | |||
r-devel-linux-x86_64-fedora-gcc | 1.3.1 | 420.93 | OK | |||
r-devel-windows-x86_64 | 1.3.1 | 15.00 | 250.00 | 265.00 | OK | |
r-patched-linux-x86_64 | 1.3.1 | 18.11 | 301.75 | 319.86 | OK | |
r-release-linux-x86_64 | 1.3.1 | 8.79 | 291.35 | 300.14 | OK | |
r-release-macos-arm64 | 1.3.1 | 111.00 | OK | |||
r-release-macos-x86_64 | 1.3.1 | 270.00 | OK | |||
r-release-windows-x86_64 | 1.3.1 | 18.00 | 329.00 | 347.00 | OK | |
r-oldrel-macos-arm64 | 1.3.1 | 109.00 | OK | |||
r-oldrel-macos-x86_64 | 1.2.7 | 207.00 | NOTE | |||
r-oldrel-windows-x86_64 | 1.3.1 | 19.00 | 312.00 | 331.00 | OK |
Version: 1.2.7
Check: dependencies in R code
Result: NOTE
Namespaces in Imports field not imported from:
‘Hmisc’ ‘sjPlot’
All declared Imports should be used.
Flavor: r-oldrel-macos-x86_64