CRAN Package Check Results for Package psyverse

Last updated on 2020-08-13 15:51:16 CEST.

Flavor Version Tinstall Tcheck Ttotal Status Flags
r-devel-linux-x86_64-debian-clang 0.1.0 3.04 28.48 31.52 ERROR
r-devel-linux-x86_64-debian-gcc 0.1.0 2.14 23.83 25.97 OK
r-devel-linux-x86_64-fedora-clang 0.1.0 48.23 NOTE
r-devel-linux-x86_64-fedora-gcc 0.1.0 38.93 NOTE
r-devel-windows-ix86+x86_64 0.1.0 10.00 53.00 63.00 OK
r-patched-linux-x86_64 0.1.0 2.52 31.26 33.78 OK
r-patched-solaris-x86 0.1.0 59.20 NOTE
r-release-linux-x86_64 0.1.0 2.98 30.28 33.26 OK
r-release-macos-x86_64 0.1.0 NOTE
r-release-windows-ix86+x86_64 0.1.0 8.00 61.00 69.00 OK
r-oldrel-macos-x86_64 0.1.0 NOTE
r-oldrel-windows-ix86+x86_64 0.1.0 5.00 42.00 47.00 OK

Check Details

Version: 0.1.0
Check: package dependencies
Result: NOTE
    Package suggested but not available for checking: 'DiagrammeR'
Flavor: r-devel-linux-x86_64-debian-clang

Version: 0.1.0
Check: examples
Result: ERROR
    Running examples in 'psyverse-Ex.R' failed
    The error most likely occurred in:
    
    > base::assign(".ptime", proc.time(), pos = "CheckExEnv")
    > ### Name: apply_graph_theme
    > ### Title: Apply multiple DiagrammeR global graph attributes
    > ### Aliases: apply_graph_theme
    >
    > ### ** Examples
    >
    > exampleSpec <-
    + system.file("inst",
    + "extdata",
    + "example_dct_spec_1.dct",
    + package="psyverse");
    > parsedSpecs <- load_dct_specs(exampleSpec);
    > dctGraph <- parsedSpecs$output$basic_graph;
    > dctGraph <- apply_graph_theme(dctGraph,
    + c("color", "#0000AA", "node"),
    + c("fillcolor", "#00FFFF", "node"));
    Error: This function applies graph themes to a `DiagrammeR` object. Therefore, obviously, that object must first exist, and you need the `DiagrammeR` package to create it and work with it. Please install it using:
    
     install.packages('DiagrammeR');
    Execution halted
Flavor: r-devel-linux-x86_64-debian-clang

Version: 0.1.0
Check: tests
Result: ERROR
     Running 'testthat.R' [2s/2s]
    Running the tests in 'tests/testthat.R' failed.
    Complete output:
     > require(testthat);
     Loading required package: testthat
     > testthat::test_check("psyverse");
     Loading required package: psyverse
     -- 1. Error: a dct specification from a file with a single dct specification is
     $ operator is invalid for atomic vectors
     Backtrace:
     1. testthat::expect_equal(...)
     2. testthat::quasi_label(enquo(object), label, arg = "object")
     3. rlang::eval_bare(expr, quo_get_env(quo))
    
     -- 2. Error: a directory with dct specifications is loaded correctly (@test-load
     $ operator is invalid for atomic vectors
     Backtrace:
     1. testthat::expect_equal(...)
     2. testthat::quasi_label(enquo(object), label, arg = "object")
     3. rlang::eval_bare(expr, quo_get_env(quo))
    
     == testthat results ===========================================================
     [ OK: 0 | SKIPPED: 1 | WARNINGS: 0 | FAILED: 2 ]
     1. Error: a dct specification from a file with a single dct specification is loaded correctly (@test-loading-dct-specs-from-files.R#16)
     2. Error: a directory with dct specifications is loaded correctly (@test-loading-dct-specs-from-files.R#46)
    
     Error: testthat unit tests failed
     Execution halted
Flavor: r-devel-linux-x86_64-debian-clang

Version: 0.1.0
Check: dependencies in R code
Result: NOTE
    Namespace in Imports field not imported from: ‘yaml’
     All declared Imports should be used.
Flavors: r-devel-linux-x86_64-fedora-clang, r-devel-linux-x86_64-fedora-gcc, r-patched-solaris-x86, r-release-macos-x86_64, r-oldrel-macos-x86_64