Last updated on 2023-11-29 16:51:58 CET.
Flavor | Version | Tinstall | Tcheck | Ttotal | Status | Flags |
---|---|---|---|---|---|---|
r-devel-linux-x86_64-debian-clang | 0.11.5 | 1031.01 | 228.17 | 1259.18 | OK | |
r-devel-linux-x86_64-debian-gcc | 0.11.5 | 712.36 | 165.02 | 877.38 | OK | |
r-devel-linux-x86_64-fedora-clang | 0.11.5 | 1870.46 | OK | |||
r-devel-linux-x86_64-fedora-gcc | 0.11.5 | 2014.21 | OK | |||
r-devel-windows-x86_64 | 0.11.5 | 675.00 | 198.00 | 873.00 | OK | |
r-patched-linux-x86_64 | 0.11.5 | 717.47 | 215.40 | 932.87 | OK | |
r-release-linux-x86_64 | 0.11.5 | 703.16 | 210.34 | 913.50 | OK | |
r-release-macos-arm64 | 0.11.5 | 214.00 | NOTE | |||
r-release-macos-x86_64 | 0.11.5 | 251.00 | NOTE | |||
r-release-windows-x86_64 | 0.11.5 | 918.00 | 252.00 | 1170.00 | OK | |
r-oldrel-macos-arm64 | 0.11.5 | 242.00 | NOTE | |||
r-oldrel-macos-x86_64 | 0.11.5 | 453.00 | NOTE | |||
r-oldrel-windows-x86_64 | 0.11.5 | 923.00 | 245.00 | 1168.00 | OK |
Version: 0.11.5
Check: installed package size
Result: NOTE
installed size is 28.2Mb
sub-directories of 1Mb or more:
libs 27.1Mb
Flavors: r-release-macos-arm64, r-release-macos-x86_64, r-oldrel-macos-arm64, r-oldrel-macos-x86_64