CRAN Package Check Results for Package psychonetrics

Last updated on 2020-08-14 03:47:54 CEST.

Flavor Version Tinstall Tcheck Ttotal Status Flags
r-devel-linux-x86_64-debian-clang 0.7.2 0.86 2.34 3.20 ERROR
r-devel-linux-x86_64-debian-gcc 0.7.2 545.82 131.32 677.14 OK
r-devel-linux-x86_64-fedora-clang 0.7.2 1668.78 NOTE
r-devel-linux-x86_64-fedora-gcc 0.7.2 1564.75 OK
r-devel-windows-ix86+x86_64 0.7.2 2256.00 318.00 2574.00 NOTE
r-patched-linux-x86_64 0.7.2 615.24 173.95 789.19 OK
r-patched-solaris-x86 0.7.2 1219.20 OK
r-release-linux-x86_64 0.7.2 741.56 171.44 913.00 OK
r-release-macos-x86_64 0.7.2 NOTE
r-release-windows-ix86+x86_64 0.7.2 1981.00 243.00 2224.00 NOTE
r-oldrel-macos-x86_64 0.7.2 NOTE
r-oldrel-windows-ix86+x86_64 0.7.2 1247.00 227.00 1474.00 NOTE

Check Details

Version: 0.7.2
Check: package dependencies
Result: ERROR
    Packages required but not available: 'qgraph', 'tidyr'
    
    Packages suggested but not available for checking:
     'semPlot', 'graphicalVAR'
    
    See section 'The DESCRIPTION file' in the 'Writing R Extensions'
    manual.
Flavor: r-devel-linux-x86_64-debian-clang

Version: 0.7.2
Check: package dependencies
Result: NOTE
    Imports includes 22 non-default packages.
    Importing from so many packages makes the package vulnerable to any of
    them becoming unavailable. Move as many as possible to Suggests and
    use conditionally.
Flavor: r-devel-linux-x86_64-fedora-clang

Version: 0.7.2
Check: installed package size
Result: NOTE
     installed size is 53.7Mb
     sub-directories of 1Mb or more:
     libs 52.6Mb
Flavors: r-devel-linux-x86_64-fedora-clang, r-devel-windows-ix86+x86_64, r-release-macos-x86_64, r-release-windows-ix86+x86_64, r-oldrel-macos-x86_64, r-oldrel-windows-ix86+x86_64