CRAN Package Check Results for Package psda

Last updated on 2020-08-09 15:47:53 CEST.

Flavor Version Tinstall Tcheck Ttotal Status Flags
r-devel-linux-x86_64-debian-clang 1.4.0 3.49 37.85 41.34 OK
r-devel-linux-x86_64-debian-gcc 1.4.0 2.39 29.17 31.56 OK
r-devel-linux-x86_64-fedora-clang 1.4.0 57.47 NOTE
r-devel-linux-x86_64-fedora-gcc 1.4.0 49.49 NOTE
r-devel-windows-ix86+x86_64 1.4.0 9.00 77.00 86.00 OK
r-patched-linux-x86_64 1.4.0 3.68 37.42 41.10 OK
r-patched-solaris-x86 1.4.0 67.50 NOTE
r-release-linux-x86_64 1.4.0 3.58 38.74 42.32 OK
r-release-macos-x86_64 1.4.0 NOTE
r-release-windows-ix86+x86_64 1.4.0 13.00 71.00 84.00 OK
r-oldrel-macos-x86_64 1.4.0 NOTE
r-oldrel-windows-ix86+x86_64 1.4.0 6.00 51.00 57.00 OK

Check Details

Version: 1.4.0
Check: dependencies in R code
Result: NOTE
    Namespace in Imports field not imported from: ‘raster’
     All declared Imports should be used.
Flavors: r-devel-linux-x86_64-fedora-clang, r-devel-linux-x86_64-fedora-gcc, r-patched-solaris-x86, r-release-macos-x86_64, r-oldrel-macos-x86_64