Last updated on 2023-12-04 05:09:16 CET.
Flavor | Version | Tinstall | Tcheck | Ttotal | Status | Flags |
---|---|---|---|---|---|---|
r-devel-linux-x86_64-debian-clang | 0.6.0 | 791.22 | 41.25 | 832.47 | OK | |
r-devel-linux-x86_64-debian-gcc | 0.6.0 | 613.05 | 32.23 | 645.28 | OK | |
r-devel-linux-x86_64-fedora-clang | 0.6.0 | 1199.79 | NOTE | |||
r-devel-linux-x86_64-fedora-gcc | 0.6.0 | 1211.45 | OK | |||
r-devel-windows-x86_64 | 0.6.0 | 391.00 | 158.00 | 549.00 | NOTE | |
r-patched-linux-x86_64 | 0.6.0 | 777.52 | 40.04 | 817.56 | OK | |
r-release-linux-x86_64 | 0.6.0 | 765.84 | 40.74 | 806.58 | OK | |
r-release-macos-arm64 | 0.6.0 | 197.00 | NOTE | |||
r-release-macos-x86_64 | 0.6.0 | 275.00 | NOTE | |||
r-release-windows-x86_64 | 0.6.0 | 386.00 | 184.00 | 570.00 | NOTE | |
r-oldrel-macos-arm64 | 0.6.0 | 185.00 | NOTE | |||
r-oldrel-macos-x86_64 | 0.5.4 | 268.00 | NOTE | |||
r-oldrel-windows-x86_64 | 0.6.0 | 518.00 | 162.00 | 680.00 | NOTE |
Version: 0.6.0
Check: installed package size
Result: NOTE
installed size is 18.9Mb
sub-directories of 1Mb or more:
libs 18.6Mb
Flavors: r-devel-linux-x86_64-fedora-clang, r-devel-windows-x86_64, r-release-macos-arm64, r-release-macos-x86_64, r-release-windows-x86_64, r-oldrel-macos-arm64, r-oldrel-windows-x86_64
Version: 0.5.4
Check: installed package size
Result: NOTE
installed size is 26.3Mb
sub-directories of 1Mb or more:
libs 26.0Mb
Flavor: r-oldrel-macos-x86_64