CRAN Package Check Results for Package proustr

Last updated on 2024-02-23 16:53:26 CET.

Flavor Version Tinstall Tcheck Ttotal Status Flags
r-devel-linux-x86_64-debian-clang 0.4.0 NOTE
r-devel-linux-x86_64-debian-gcc 0.4.0 6.67 49.03 55.70 NOTE
r-devel-linux-x86_64-fedora-clang 0.4.0 91.08 NOTE
r-devel-linux-x86_64-fedora-gcc 0.4.0 95.78 NOTE
r-devel-windows-x86_64 0.4.0 9.00 72.00 81.00 OK
r-patched-linux-x86_64 0.4.0 5.45 61.18 66.63 OK
r-release-linux-x86_64 0.4.0 5.29 60.75 66.04 OK
r-release-macos-arm64 0.4.0 38.00 OK
r-release-macos-x86_64 0.4.0 54.00 OK
r-release-windows-x86_64 0.4.0 11.00 79.00 90.00 OK
r-oldrel-macos-arm64 0.4.0 31.00 NOTE
r-oldrel-windows-x86_64 0.4.0 12.00 84.00 96.00 OK

Check Details

Version: 0.4.0
Check: Rd files
Result: NOTE checkRd: (-1) pr_stem_sentences.Rd:20: Lost braces; missing escapes or markup? 20 | Implementation of the {SnowballC} stemmer. Note that punctuation and capital letters | ^ checkRd: (-1) pr_stem_words.Rd:20: Lost braces; missing escapes or markup? 20 | Implementation of the {SnowballC} stemmer. Note that punctuation and capitals letters | ^ checkRd: (-1) proust_sentiments.Rd:7: Lost braces; missing escapes or markup? 7 | See the {rfeel} package now: http://github.com/ColinFay/rfeel} | ^ checkRd: (-1) proust_sentiments.Rd:20: Lost braces; missing escapes or markup? 20 | See the {rfeel} package now: http://github.com/ColinFay/rfeel | ^ Flavors: r-devel-linux-x86_64-debian-clang, r-devel-linux-x86_64-debian-gcc

Version: 0.4.0
Check: data for non-ASCII characters
Result: NOTE Note: found 12717 marked UTF-8 strings Flavors: r-devel-linux-x86_64-fedora-clang, r-devel-linux-x86_64-fedora-gcc, r-oldrel-macos-arm64