CRAN Package Check Results for Package protolite

Last updated on 2020-08-03 05:48:57 CEST.

Flavor Version Tinstall Tcheck Ttotal Status Flags
r-devel-linux-x86_64-debian-clang 2.1 77.06 29.58 106.64 OK
r-devel-linux-x86_64-debian-gcc 2.1 55.63 23.28 78.91 OK
r-devel-linux-x86_64-fedora-clang 2.1 153.69 NOTE
r-devel-linux-x86_64-fedora-gcc 2.1 136.05 OK
r-devel-windows-ix86+x86_64 2.1 205.00 73.00 278.00 OK
r-patched-linux-x86_64 2.1 58.58 29.59 88.17 OK
r-patched-solaris-x86 2.1 125.20 NOTE
r-release-linux-x86_64 2.1 57.50 29.49 86.99 OK
r-release-macos-x86_64 2.1 NOTE
r-release-windows-ix86+x86_64 2.1 193.00 114.00 307.00 OK
r-oldrel-macos-x86_64 2.1 NOTE
r-oldrel-windows-ix86+x86_64 2.1 178.00 85.00 263.00 OK

Additional issues

gcc-UBSAN

Check Details

Version: 2.1
Check: installed package size
Result: NOTE
     installed size is 5.0Mb
     sub-directories of 1Mb or more:
     libs 4.9Mb
Flavors: r-devel-linux-x86_64-fedora-clang, r-release-macos-x86_64, r-oldrel-macos-x86_64

Version: 2.1
Check: package dependencies
Result: NOTE
    Package suggested but not available for checking: ‘RProtoBuf’
Flavor: r-patched-solaris-x86