CRAN Package Check Results for Package propr

Last updated on 2020-08-14 03:47:54 CEST.

Flavor Version Tinstall Tcheck Ttotal Status Flags
r-devel-linux-x86_64-debian-clang 4.2.6 75.99 142.92 218.91 NOTE
r-devel-linux-x86_64-debian-gcc 4.2.6 59.13 103.17 162.30 NOTE
r-devel-linux-x86_64-fedora-clang 4.2.6 286.00 NOTE
r-devel-linux-x86_64-fedora-gcc 4.2.6 265.83 NOTE
r-devel-windows-ix86+x86_64 4.2.6 199.00 246.00 445.00 NOTE
r-patched-linux-x86_64 4.2.6 62.80 139.74 202.54 NOTE
r-patched-solaris-x86 4.2.6 312.20 NOTE
r-release-linux-x86_64 4.2.6 61.29 140.90 202.19 NOTE
r-release-macos-x86_64 4.2.6 NOTE
r-release-windows-ix86+x86_64 4.2.6 187.00 186.00 373.00 NOTE
r-oldrel-macos-x86_64 4.2.6 NOTE
r-oldrel-windows-ix86+x86_64 4.2.6 128.00 169.00 297.00 NOTE

Check Details

Version: 4.2.6
Check: package dependencies
Result: NOTE
    Packages suggested but not available for checking: 'plotly', 'SDMTools'
Flavor: r-devel-linux-x86_64-debian-clang

Version: 4.2.6
Check: package dependencies
Result: NOTE
    Package suggested but not available for checking: ‘SDMTools’
Flavors: r-devel-linux-x86_64-debian-gcc, r-devel-linux-x86_64-fedora-clang, r-devel-linux-x86_64-fedora-gcc, r-patched-linux-x86_64, r-patched-solaris-x86, r-release-linux-x86_64

Version: 4.2.6
Check: installed package size
Result: NOTE
     installed size is 6.8Mb
     sub-directories of 1Mb or more:
     data 1.5Mb
     doc 1.4Mb
     libs 3.3Mb
Flavors: r-devel-linux-x86_64-fedora-clang, r-devel-windows-ix86+x86_64, r-release-macos-x86_64, r-release-windows-ix86+x86_64, r-oldrel-macos-x86_64, r-oldrel-windows-ix86+x86_64

Version: 4.2.6
Check: dependencies in R code
Result: NOTE
    Namespace in Imports field not imported from: ‘utils’
     All declared Imports should be used.
Flavors: r-devel-linux-x86_64-fedora-clang, r-devel-linux-x86_64-fedora-gcc, r-patched-solaris-x86, r-release-macos-x86_64, r-oldrel-macos-x86_64

Version: 4.2.6
Check: package dependencies
Result: NOTE
    Packages suggested but not available for checking: 'ALDEx2', 'SDMTools'
Flavor: r-release-macos-x86_64

Version: 4.2.6
Check: package dependencies
Result: NOTE
    Package suggested but not available for checking: ‘ALDEx2’
Flavor: r-oldrel-macos-x86_64