CRAN Package Check Results for Package proj4

Last updated on 2024-02-25 04:51:14 CET.

Flavor Version Tinstall Tcheck Ttotal Status Flags
r-devel-linux-x86_64-debian-clang 1.0-14 6.34 22.48 28.82 OK
r-devel-linux-x86_64-debian-gcc 1.0-14 4.23 17.70 21.93 OK
r-devel-linux-x86_64-fedora-clang 1.0-14 37.88 OK
r-devel-linux-x86_64-fedora-gcc 1.0-14 35.55 OK
r-devel-windows-x86_64 1.0-14 20.00 155.00 175.00 NOTE
r-patched-linux-x86_64 1.0-14 4.51 22.45 26.96 OK
r-release-linux-x86_64 1.0-14 4.70 22.12 26.82 OK
r-release-macos-arm64 1.0-14 27.00 NOTE
r-release-macos-x86_64 1.0-14 48.00 NOTE
r-release-windows-x86_64 1.0-14 23.00 169.00 192.00 NOTE
r-oldrel-macos-arm64 1.0-14 26.00 NOTE
r-oldrel-windows-x86_64 1.0-14 11.00 128.00 139.00 NOTE

Check Details

Version: 1.0-14
Check: installed package size
Result: NOTE installed size is 15.0Mb sub-directories of 1Mb or more: libs 15.0Mb Flavors: r-devel-windows-x86_64, r-release-macos-arm64, r-release-macos-x86_64, r-release-windows-x86_64, r-oldrel-macos-arm64, r-oldrel-windows-x86_64