CRAN Package Check Results for Package profoc

Last updated on 2024-03-03 04:48:45 CET.

Flavor Version Tinstall Tcheck Ttotal Status Flags
r-devel-linux-x86_64-debian-clang 1.3.1 210.47 207.12 417.59 OK
r-devel-linux-x86_64-debian-gcc 1.3.1 182.20 504.06 686.26 OK
r-devel-linux-x86_64-fedora-clang 1.3.1 635.22 OK
r-devel-linux-x86_64-fedora-gcc 1.3.1 733.23 OK
r-devel-windows-x86_64 1.3.1 163.00 188.00 351.00 OK
r-patched-linux-x86_64 1.3.1 219.68 364.93 584.61 OK
r-release-linux-x86_64 1.3.1 222.99 353.87 576.86 OK
r-release-macos-arm64 1.3.1 151.00 NOTE
r-release-macos-x86_64 1.3.1 227.00 NOTE
r-release-windows-x86_64 1.3.1 207.00 229.00 436.00 OK
r-oldrel-macos-arm64 1.1.1 91.00 NOTE
r-oldrel-windows-x86_64 1.1.1 52.00 190.00 242.00 OK

Check Details

Version: 1.3.1
Check: installed package size
Result: NOTE installed size is 14.7Mb sub-directories of 1Mb or more: doc 1.4Mb libs 12.6Mb Flavors: r-release-macos-arm64, r-release-macos-x86_64

Version: 1.1.1
Check: installed package size
Result: NOTE installed size is 13.2Mb sub-directories of 1Mb or more: libs 12.5Mb Flavor: r-oldrel-macos-arm64