CRAN Package Check Results for Package prioritylasso

Last updated on 2024-02-23 16:53:26 CET.

Flavor Version Tinstall Tcheck Ttotal Status Flags
r-devel-linux-x86_64-debian-clang 0.3.1 OK
r-devel-linux-x86_64-debian-gcc 0.3.1 7.75 130.44 138.19 OK
r-devel-linux-x86_64-fedora-clang 0.3.1 238.61 NOTE
r-devel-linux-x86_64-fedora-gcc 0.3.1 229.57 OK
r-devel-windows-x86_64 0.3.1 10.00 139.00 149.00 OK
r-patched-linux-x86_64 0.3.1 9.54 170.19 179.73 OK
r-release-linux-x86_64 0.3.1 11.21 170.76 181.97 OK
r-release-macos-arm64 0.3.1 72.00 OK
r-release-macos-x86_64 0.3.1 205.00 OK
r-release-windows-x86_64 0.3.1 13.00 168.00 181.00 OK
r-oldrel-macos-arm64 0.3.1 63.00 OK
r-oldrel-windows-x86_64 0.3.1 13.00 176.00 189.00 OK

Check Details

Version: 0.3.1
Check: Rd cross-references
Result: NOTE Undeclared package ‘mvtnorm’ in Rd xrefs Flavor: r-devel-linux-x86_64-fedora-clang