Last updated on 2023-12-08 05:02:13 CET.
Flavor | Version | Tinstall | Tcheck | Ttotal | Status | Flags |
---|---|---|---|---|---|---|
r-devel-linux-x86_64-debian-clang | 8.0.3 | 586.10 | 494.71 | 1080.81 | NOTE | |
r-devel-linux-x86_64-debian-gcc | 8.0.3 | 411.69 | 359.89 | 771.58 | NOTE | |
r-devel-linux-x86_64-fedora-clang | 8.0.3 | 1512.27 | NOTE | |||
r-devel-linux-x86_64-fedora-gcc | 8.0.3 | 1492.83 | NOTE | |||
r-devel-windows-x86_64 | 8.0.3 | 434.00 | 383.00 | 817.00 | NOTE | |
r-patched-linux-x86_64 | 8.0.3 | 496.51 | 475.25 | 971.76 | NOTE | |
r-release-linux-x86_64 | 8.0.3 | 485.10 | 470.54 | 955.64 | NOTE | |
r-release-macos-arm64 | 8.0.3 | 279.00 | NOTE | |||
r-release-macos-x86_64 | 8.0.3 | 387.00 | NOTE | |||
r-release-windows-x86_64 | 8.0.3 | 571.00 | 480.00 | 1051.00 | NOTE | |
r-oldrel-macos-arm64 | 8.0.3 | 239.00 | NOTE | |||
r-oldrel-macos-x86_64 | 8.0.3 | 378.00 | NOTE | |||
r-oldrel-windows-x86_64 | 8.0.3 | 535.00 | 451.00 | 986.00 | NOTE |
Version: 8.0.3
Check: package dependencies
Result: NOTE
Packages suggested but not available for checking:
'gurobi', 'rcbc', 'cplexAPI'
Flavors: r-devel-linux-x86_64-debian-clang, r-devel-linux-x86_64-debian-gcc, r-devel-linux-x86_64-fedora-clang, r-devel-linux-x86_64-fedora-gcc, r-devel-windows-x86_64, r-patched-linux-x86_64, r-release-linux-x86_64, r-release-macos-arm64, r-release-macos-x86_64, r-release-windows-x86_64, r-oldrel-macos-arm64, r-oldrel-macos-x86_64, r-oldrel-windows-x86_64
Version: 8.0.3
Check: installed package size
Result: NOTE
installed size is 8.8Mb
sub-directories of 1Mb or more:
R 1.3Mb
doc 4.7Mb
Flavors: r-devel-linux-x86_64-fedora-clang, r-devel-windows-x86_64, r-release-macos-arm64, r-release-macos-x86_64, r-release-windows-x86_64, r-oldrel-macos-arm64, r-oldrel-macos-x86_64, r-oldrel-windows-x86_64