CRAN Package Check Results for Package prioritizr

Last updated on 2020-08-08 03:50:50 CEST.

Flavor Version Tinstall Tcheck Ttotal Status Flags
r-devel-linux-x86_64-debian-clang 5.0.2 455.76 239.89 695.65 NOTE
r-devel-linux-x86_64-debian-gcc 5.0.2 356.69 177.02 533.71 NOTE
r-devel-linux-x86_64-fedora-clang 5.0.2 767.17 NOTE
r-devel-linux-x86_64-fedora-gcc 5.0.2 741.24 NOTE
r-devel-windows-ix86+x86_64 5.0.2 950.00 485.00 1435.00 NOTE
r-patched-linux-x86_64 5.0.2 362.29 232.92 595.21 NOTE
r-patched-solaris-x86 5.0.2 768.60 NOTE
r-release-linux-x86_64 5.0.2 368.78 232.14 600.92 NOTE
r-release-macos-x86_64 5.0.2 NOTE
r-release-windows-ix86+x86_64 5.0.2 988.00 476.00 1464.00 NOTE
r-oldrel-macos-x86_64 5.0.2 NOTE
r-oldrel-windows-ix86+x86_64 5.0.2 830.00 363.00 1193.00 NOTE

Check Details

Version: 5.0.2
Check: package dependencies
Result: NOTE
    Package suggested but not available for checking: 'gurobi'
Flavors: r-devel-linux-x86_64-debian-clang, r-devel-linux-x86_64-debian-gcc, r-devel-linux-x86_64-fedora-clang, r-devel-linux-x86_64-fedora-gcc, r-devel-windows-ix86+x86_64, r-patched-linux-x86_64, r-release-linux-x86_64, r-release-windows-ix86+x86_64, r-oldrel-windows-ix86+x86_64

Version: 5.0.2
Check: installed package size
Result: NOTE
     installed size is 22.1Mb
     sub-directories of 1Mb or more:
     doc 2.8Mb
     libs 17.1Mb
Flavors: r-devel-linux-x86_64-fedora-clang, r-devel-windows-ix86+x86_64, r-patched-solaris-x86, r-release-macos-x86_64, r-release-windows-ix86+x86_64, r-oldrel-macos-x86_64, r-oldrel-windows-ix86+x86_64

Version: 5.0.2
Check: dependencies in R code
Result: NOTE
    Namespace in Imports field not imported from: ‘exactextractr’
     All declared Imports should be used.
Flavors: r-devel-linux-x86_64-fedora-clang, r-devel-linux-x86_64-fedora-gcc, r-patched-solaris-x86, r-release-macos-x86_64, r-oldrel-macos-x86_64

Version: 5.0.2
Check: package dependencies
Result: NOTE
    Packages suggested but not available for checking:
     'gurobi', 'lpsymphony', 'Rsymphony'
Flavors: r-patched-solaris-x86, r-release-macos-x86_64

Version: 5.0.2
Check: package dependencies
Result: NOTE
    Packages suggested but not available for checking: 'gurobi', 'Rsymphony'
Flavor: r-oldrel-macos-x86_64