CRAN Package Check Results for Package prim

Last updated on 2024-02-23 16:53:26 CET.

Flavor Version Tinstall Tcheck Ttotal Status Flags
r-devel-linux-x86_64-debian-clang 1.0.21 NOTE
r-devel-linux-x86_64-debian-gcc 1.0.21 3.26 47.38 50.64 NOTE
r-devel-linux-x86_64-fedora-clang 1.0.21 80.70 OK
r-devel-linux-x86_64-fedora-gcc 1.0.21 94.33 OK
r-devel-windows-x86_64 1.0.21 4.00 73.00 77.00 OK
r-patched-linux-x86_64 1.0.21 3.23 58.47 61.70 OK
r-release-linux-x86_64 1.0.21 3.76 57.64 61.40 OK
r-release-macos-arm64 1.0.21 39.00 OK
r-release-macos-x86_64 1.0.21 62.00 OK
r-release-windows-x86_64 1.0.21 5.00 129.00 134.00 OK
r-oldrel-macos-arm64 1.0.21 39.00 OK
r-oldrel-windows-x86_64 1.0.21 6.00 78.00 84.00 OK

Check Details

Version: 1.0.21
Check: Rd files
Result: NOTE checkRd: (-1) prim.box.Rd:66: Lost braces in \itemize; meant \describe ? checkRd: (-1) prim.box.Rd:68: Lost braces in \itemize; meant \describe ? checkRd: (-1) prim.box.Rd:70: Lost braces in \itemize; meant \describe ? Flavors: r-devel-linux-x86_64-debian-clang, r-devel-linux-x86_64-debian-gcc