Last updated on 2023-12-10 04:56:08 CET.
Flavor | Version | Tinstall | Tcheck | Ttotal | Status | Flags |
---|---|---|---|---|---|---|
r-devel-linux-x86_64-debian-clang | 2.6.1 | 7.81 | 56.13 | 63.94 | OK | |
r-devel-linux-x86_64-debian-gcc | 2.6.1 | 6.00 | 43.24 | 49.24 | OK | |
r-devel-linux-x86_64-fedora-clang | 2.6.1 | 78.97 | NOTE | |||
r-devel-linux-x86_64-fedora-gcc | 2.6.1 | 75.76 | OK | |||
r-devel-windows-x86_64 | 2.6.1 | 9.00 | 65.00 | 74.00 | NOTE | |
r-patched-linux-x86_64 | 2.6.1 | 6.54 | 56.13 | 62.67 | OK | |
r-release-linux-x86_64 | 2.6.1 | 7.05 | 53.94 | 60.99 | OK | |
r-release-macos-arm64 | 2.6.1 | 34.00 | NOTE | |||
r-release-macos-x86_64 | 2.6.1 | 47.00 | NOTE | |||
r-release-windows-x86_64 | 2.6.1 | 9.00 | 73.00 | 82.00 | NOTE | |
r-oldrel-macos-arm64 | 2.6.1 | 31.00 | NOTE | |||
r-oldrel-macos-x86_64 | 2.6.1 | 43.00 | NOTE | |||
r-oldrel-windows-x86_64 | 2.6.1 | 10.00 | 76.00 | 86.00 | NOTE |
Version: 2.6.1
Check: installed package size
Result: NOTE
installed size is 5.6Mb
sub-directories of 1Mb or more:
shinyApp 5.4Mb
Flavors: r-devel-linux-x86_64-fedora-clang, r-devel-windows-x86_64, r-release-macos-arm64, r-release-macos-x86_64, r-release-windows-x86_64, r-oldrel-macos-arm64, r-oldrel-macos-x86_64, r-oldrel-windows-x86_64