CRAN Package Check Results for Package precrec

Last updated on 2020-08-07 15:48:51 CEST.

Flavor Version Tinstall Tcheck Ttotal Status Flags
r-devel-linux-x86_64-debian-clang 0.11.2 53.20 357.09 410.29 OK
r-devel-linux-x86_64-debian-gcc 0.11.2 39.28 258.68 297.96 OK
r-devel-linux-x86_64-fedora-clang 0.11.2 463.68 NOTE
r-devel-linux-x86_64-fedora-gcc 0.11.2 456.60 OK
r-devel-windows-ix86+x86_64 0.11.2 129.00 572.00 701.00 OK
r-patched-linux-x86_64 0.11.2 44.07 329.92 373.99 OK
r-patched-solaris-x86 0.11.2 539.40 OK
r-release-linux-x86_64 0.11.2 44.32 335.60 379.92 OK
r-release-macos-x86_64 0.11.2 OK
r-release-windows-ix86+x86_64 0.11.2 123.00 725.00 848.00 OK
r-oldrel-macos-x86_64 0.11.2 OK
r-oldrel-windows-ix86+x86_64 0.11.2 87.00 590.00 677.00 OK

Check Details

Version: 0.11.2
Check: installed package size
Result: NOTE
     installed size is 5.4Mb
     sub-directories of 1Mb or more:
     doc 1.2Mb
     libs 3.3Mb
Flavor: r-devel-linux-x86_64-fedora-clang