CRAN Package Check Results for Package pre

Last updated on 2020-08-04 03:48:00 CEST.

Flavor Version Tinstall Tcheck Ttotal Status Flags
r-devel-linux-x86_64-debian-clang 1.0.0 13.64 128.26 141.90 OK
r-devel-linux-x86_64-debian-gcc 1.0.0 10.59 95.61 106.20 OK
r-devel-linux-x86_64-fedora-clang 1.0.0 175.56 NOTE
r-devel-linux-x86_64-fedora-gcc 1.0.0 161.51 OK
r-devel-windows-ix86+x86_64 1.0.0 29.00 137.00 166.00 OK
r-patched-linux-x86_64 1.0.0 12.86 124.36 137.22 OK
r-patched-solaris-x86 1.0.0 247.70 OK
r-release-linux-x86_64 1.0.0 12.32 124.98 137.30 OK
r-release-macos-x86_64 1.0.0 OK
r-release-windows-ix86+x86_64 1.0.0 37.00 191.00 228.00 OK
r-oldrel-macos-x86_64 1.0.0 OK
r-oldrel-windows-ix86+x86_64 1.0.0 17.00 174.00 191.00 OK

Check Details

Version: 1.0.0
Check: Rd cross-references
Result: NOTE
    Undeclared package ‘colorspace’ in Rd xrefs
Flavor: r-devel-linux-x86_64-fedora-clang