Last updated on 2023-12-06 03:50:09 CET.
Flavor | Version | Tinstall | Tcheck | Ttotal | Status | Flags |
---|---|---|---|---|---|---|
r-devel-linux-x86_64-debian-clang | 0.2.1 | 6.18 | 60.13 | 66.31 | OK | |
r-devel-linux-x86_64-debian-gcc | 0.2.1 | 4.20 | 46.12 | 50.32 | OK | |
r-devel-linux-x86_64-fedora-clang | 0.2.1 | 84.18 | NOTE | |||
r-devel-linux-x86_64-fedora-gcc | 0.2.1 | 89.90 | NOTE | |||
r-devel-windows-x86_64 | 0.2.1 | 6.00 | 66.00 | 72.00 | OK | |
r-patched-linux-x86_64 | 0.2.1 | 3.72 | 57.34 | 61.06 | OK | |
r-release-linux-x86_64 | 0.2.1 | 3.70 | 58.24 | 61.94 | OK | |
r-release-macos-arm64 | 0.2.1 | 35.00 | OK | |||
r-release-macos-x86_64 | 0.2.1 | 47.00 | OK | |||
r-release-windows-x86_64 | 0.2.1 | 7.00 | 74.00 | 81.00 | OK | |
r-oldrel-macos-arm64 | 0.2.1 | 29.00 | NOTE | |||
r-oldrel-macos-x86_64 | 0.2.1 | 51.00 | NOTE | |||
r-oldrel-windows-x86_64 | 0.2.1 | 8.00 | 75.00 | 83.00 | OK |
Version: 0.2.1
Check: dependencies in R code
Result: NOTE
Namespaces in Imports field not imported from:
‘class’ ‘forcats’ ‘irr’ ‘lpSolve’ ‘purrr’
All declared Imports should be used.
Flavors: r-devel-linux-x86_64-fedora-clang, r-devel-linux-x86_64-fedora-gcc, r-oldrel-macos-arm64, r-oldrel-macos-x86_64