CRAN Package Check Results for Package pracma

Last updated on 2020-07-14 03:48:00 CEST.

Flavor Version Tinstall Tcheck Ttotal Status Flags
r-devel-linux-x86_64-debian-clang 2.2.9 25.30 168.74 194.04 OK
r-devel-linux-x86_64-debian-gcc 2.2.9 20.96 125.27 146.23 OK
r-devel-linux-x86_64-fedora-clang 2.2.9 235.00 OK
r-devel-linux-x86_64-fedora-gcc 2.2.9 237.47 OK
r-devel-windows-ix86+x86_64 2.2.9 53.00 234.00 287.00 OK
r-patched-linux-x86_64 2.2.9 24.25 166.28 190.53 OK
r-patched-solaris-x86 2.2.9 283.80 OK
r-release-linux-x86_64 2.2.9 25.61 166.49 192.10 OK
r-release-macos-x86_64 2.2.9 ERROR
r-release-windows-ix86+x86_64 2.2.9 48.00 186.00 234.00 OK
r-oldrel-macos-x86_64 2.2.9 OK
r-oldrel-windows-ix86+x86_64 2.2.9 42.00 227.00 269.00 OK

Check Details

Version: 2.2.9
Check: whether package can be installed
Result: ERROR
    Installation failed.
Flavor: r-release-macos-x86_64