Last updated on 2023-12-02 16:49:23 CET.
Flavor | Version | Tinstall | Tcheck | Ttotal | Status | Flags |
---|---|---|---|---|---|---|
r-devel-linux-x86_64-debian-clang | 1.1 | 35.89 | 37.08 | 72.97 | NOTE | |
r-devel-linux-x86_64-debian-gcc | 1.1 | 21.23 | 28.62 | 49.85 | NOTE | |
r-devel-linux-x86_64-fedora-clang | 1.1 | 101.73 | NOTE | |||
r-devel-linux-x86_64-fedora-gcc | 1.1 | 98.35 | NOTE | |||
r-devel-windows-x86_64 | 1.1 | 27.00 | 74.00 | 101.00 | NOTE | |
r-patched-linux-x86_64 | 1.1 | 27.95 | 36.71 | 64.66 | NOTE | |
r-release-linux-x86_64 | 1.1 | 25.06 | 35.93 | 60.99 | NOTE | |
r-release-macos-arm64 | 1.1 | 28.00 | NOTE | |||
r-release-macos-x86_64 | 1.1 | 45.00 | NOTE | |||
r-release-windows-x86_64 | 1.1 | 37.00 | 81.00 | 118.00 | NOTE | |
r-oldrel-macos-arm64 | 1.1 | 28.00 | OK | |||
r-oldrel-macos-x86_64 | 1.1 | 38.00 | OK | |||
r-oldrel-windows-x86_64 | 1.1 | 34.00 | 75.00 | 109.00 | OK |
Version: 1.1
Check: C++ specification
Result: NOTE
Specified C++11: please drop specification unless essential
Flavors: r-devel-linux-x86_64-debian-clang, r-devel-linux-x86_64-debian-gcc, r-devel-linux-x86_64-fedora-clang, r-devel-linux-x86_64-fedora-gcc, r-devel-windows-x86_64, r-patched-linux-x86_64, r-release-linux-x86_64, r-release-macos-arm64, r-release-macos-x86_64, r-release-windows-x86_64