CRAN Package Check Results for Package portfolioBacktest

Last updated on 2020-08-14 03:47:53 CEST.

Flavor Version Tinstall Tcheck Ttotal Status Flags
r-devel-linux-x86_64-debian-clang 0.2.2 7.84 149.27 157.11 NOTE
r-devel-linux-x86_64-debian-gcc 0.2.2 6.20 108.39 114.59 OK
r-devel-linux-x86_64-fedora-clang 0.2.2 201.01 OK
r-devel-linux-x86_64-fedora-gcc 0.2.2 192.45 OK
r-devel-windows-ix86+x86_64 0.2.2 31.00 235.00 266.00 OK
r-patched-linux-x86_64 0.2.2 7.40 143.39 150.79 OK
r-patched-solaris-x86 0.2.2 293.70 OK
r-release-linux-x86_64 0.2.2 7.51 145.30 152.81 OK
r-release-macos-x86_64 0.2.2 OK
r-release-windows-ix86+x86_64 0.2.2 27.00 240.00 267.00 OK
r-oldrel-macos-x86_64 0.2.2 OK
r-oldrel-windows-ix86+x86_64 0.2.2 24.00 183.00 207.00 OK

Check Details

Version: 0.2.2
Check: package dependencies
Result: NOTE
    Package suggested but not available for checking: 'ggfortify'
Flavor: r-devel-linux-x86_64-debian-clang