CRAN Package Check Results for Package poplite

Last updated on 2020-08-13 15:51:15 CEST.

Flavor Version Tinstall Tcheck Ttotal Status Flags
r-devel-linux-x86_64-debian-clang 0.99.23 8.68 107.38 116.06 OK
r-devel-linux-x86_64-debian-gcc 0.99.23 7.81 80.96 88.77 OK
r-devel-linux-x86_64-fedora-clang 0.99.23 145.98 OK
r-devel-linux-x86_64-fedora-gcc 0.99.23 132.54 OK
r-devel-windows-ix86+x86_64 0.99.23 38.00 158.00 196.00 OK
r-patched-linux-x86_64 0.99.23 9.46 102.60 112.06 OK
r-patched-solaris-x86 0.99.23 185.90 OK
r-release-linux-x86_64 0.99.23 9.29 104.35 113.64 OK
r-release-macos-x86_64 0.99.23 OK
r-release-windows-ix86+x86_64 0.99.23 31.00 119.00 150.00 OK
r-oldrel-macos-x86_64 0.99.23 NOTE
r-oldrel-windows-ix86+x86_64 0.99.23 16.00 114.00 130.00 OK

Check Details

Version: 0.99.23
Check: package dependencies
Result: NOTE
    Package suggested but not available for checking: ‘VariantAnnotation’
Flavor: r-oldrel-macos-x86_64