CRAN Package Check Results for Package polyRAD

Last updated on 2024-02-22 05:01:53 CET.

Flavor Version Tinstall Tcheck Ttotal Status Flags
r-devel-linux-x86_64-debian-clang 2.0.0 OK
r-devel-linux-x86_64-debian-gcc 2.0.0 78.00 121.42 199.42 OK
r-devel-linux-x86_64-fedora-clang 2.0.0 353.49 NOTE
r-devel-linux-x86_64-fedora-gcc 2.0.0 360.89 OK
r-devel-windows-x86_64 2.0.0 74.00 173.00 247.00 NOTE
r-patched-linux-x86_64 2.0.0 97.39 156.71 254.10 OK
r-release-linux-x86_64 2.0.0 88.06 156.68 244.74 OK
r-release-macos-arm64 2.0.0 92.00 NOTE
r-release-macos-x86_64 2.0.0 162.00 NOTE
r-release-windows-x86_64 2.0.0 78.00 205.00 283.00 NOTE
r-oldrel-macos-arm64 2.0.0 84.00 NOTE
r-oldrel-windows-x86_64 2.0.0 95.00 207.00 302.00 NOTE

Check Details

Version: 2.0.0
Check: Rd cross-references
Result: NOTE Undeclared packages ‘polymapR’, ‘BSgenome’ in Rd xrefs Flavor: r-devel-linux-x86_64-fedora-clang

Version: 2.0.0
Check: installed package size
Result: NOTE installed size is 5.5Mb sub-directories of 1Mb or more: extdata 2.8Mb libs 1.3Mb Flavors: r-devel-windows-x86_64, r-release-macos-arm64, r-release-macos-x86_64, r-release-windows-x86_64, r-oldrel-macos-arm64, r-oldrel-windows-x86_64

Version: 2.0.0
Check: package dependencies
Result: NOTE Package suggested but not available for checking: ‘VariantAnnotation’ Flavors: r-release-macos-arm64, r-release-macos-x86_64

Version: 2.0.0
Check: Rd cross-references
Result: NOTE Package unavailable to check Rd xrefs: ‘VariantAnnotation’ Flavors: r-release-macos-arm64, r-release-macos-x86_64