Last updated on 2023-12-01 16:51:39 CET.
Flavor | Version | Tinstall | Tcheck | Ttotal | Status | Flags |
---|---|---|---|---|---|---|
r-devel-linux-x86_64-debian-clang | 0.8.9 | 26.09 | 336.20 | 362.29 | OK | |
r-devel-linux-x86_64-debian-gcc | 0.8.9 | 21.67 | 230.45 | 252.12 | OK | |
r-devel-linux-x86_64-fedora-clang | 0.8.9 | 450.84 | OK | |||
r-devel-linux-x86_64-fedora-gcc | 0.8.9 | 434.49 | OK | |||
r-devel-windows-x86_64 | 0.8.9 | 23.00 | 239.00 | 262.00 | OK | |
r-patched-linux-x86_64 | 0.8.9 | 21.27 | 293.90 | 315.17 | OK | |
r-release-linux-x86_64 | 0.8.9 | 17.83 | 290.61 | 308.44 | OK | |
r-release-macos-arm64 | 0.8.9 | 195.00 | NOTE | |||
r-release-macos-x86_64 | 0.8.9 | 266.00 | NOTE | |||
r-release-windows-x86_64 | 0.8.9 | 34.00 | 316.00 | 350.00 | OK | |
r-oldrel-macos-arm64 | 0.8.9 | 112.00 | NOTE | |||
r-oldrel-macos-x86_64 | 0.8.8 | 134.00 | OK | |||
r-oldrel-windows-x86_64 | 0.8.9 | 34.00 | 298.00 | 332.00 | OK |
Version: 0.8.9
Check: installed package size
Result: NOTE
installed size is 5.2Mb
sub-directories of 1Mb or more:
R 2.0Mb
extdata 1.9Mb
Flavors: r-release-macos-arm64, r-release-macos-x86_64, r-oldrel-macos-arm64