CRAN Package Check Results for Package politeness

Last updated on 2024-07-14 04:52:21 CEST.

Flavor Version Tinstall Tcheck Ttotal Status Flags
r-devel-linux-x86_64-debian-clang 0.9.3 12.70 139.06 151.76 OK
r-devel-linux-x86_64-debian-gcc 0.9.3 10.00 103.99 113.99 OK
r-devel-linux-x86_64-fedora-clang 0.9.3 191.27 NOTE
r-devel-linux-x86_64-fedora-gcc 0.9.3 200.32 NOTE
r-devel-windows-x86_64 0.9.3 13.00 117.00 130.00 NOTE
r-patched-linux-x86_64 0.9.3 17.85 135.38 153.23 OK
r-release-linux-x86_64 0.9.3 10.71 131.61 142.32 OK
r-release-macos-arm64 0.9.3 54.00 OK
r-release-macos-x86_64 0.9.3 91.00 OK
r-release-windows-x86_64 0.9.3 11.00 120.00 131.00 OK
r-oldrel-macos-arm64 0.9.3 60.00 OK
r-oldrel-macos-x86_64 0.9.3 142.00 OK
r-oldrel-windows-x86_64 0.9.3 15.00 142.00 157.00 OK

Check Details

Version: 0.9.3
Check: data for non-ASCII characters
Result: NOTE Note: found 52 marked UTF-8 strings Flavors: r-devel-linux-x86_64-fedora-clang, r-devel-linux-x86_64-fedora-gcc

Version: 0.9.3
Check: Rd cross-references
Result: NOTE Found the following Rd file(s) with Rd \link{} targets missing package anchors: politenessModel.Rd: spacyr receptiveness.Rd: spacyr Please provide package anchors for all Rd \link{} targets not in the package itself and the base packages. Flavor: r-devel-windows-x86_64