CRAN Package Check Results for Package polAr

Last updated on 2020-08-14 03:47:53 CEST.

Flavor Version Tinstall Tcheck Ttotal Status Flags
r-devel-linux-x86_64-debian-clang 0.1.3 0.45 2.57 3.02 ERROR
r-devel-linux-x86_64-debian-gcc 0.1.3 2.40 35.45 37.85 OK
r-devel-linux-x86_64-fedora-clang 0.1.3 64.20 NOTE
r-devel-linux-x86_64-fedora-gcc 0.1.3 56.16 NOTE
r-devel-windows-ix86+x86_64 0.1.3 13.00 83.00 96.00 OK
r-patched-linux-x86_64 0.1.3 3.23 45.45 48.68 OK
r-patched-solaris-x86 0.1.3 76.00 NOTE
r-release-linux-x86_64 0.1.3 2.62 46.20 48.82 OK
r-release-macos-x86_64 0.1.3 NOTE
r-release-windows-ix86+x86_64 0.1.3 16.00 80.00 96.00 OK
r-oldrel-macos-x86_64 0.1.3 NOTE
r-oldrel-windows-ix86+x86_64 0.1.3 6.00 63.00 69.00 OK

Check Details

Version: 0.1.3
Check: package dependencies
Result: ERROR
    Package required but not available: 'tidyr'
    
    See section 'The DESCRIPTION file' in the 'Writing R Extensions'
    manual.
Flavor: r-devel-linux-x86_64-debian-clang

Version: 0.1.3
Check: package dependencies
Result: NOTE
    Imports includes 23 non-default packages.
    Importing from so many packages makes the package vulnerable to any of
    them becoming unavailable. Move as many as possible to Suggests and
    use conditionally.
Flavor: r-devel-linux-x86_64-fedora-clang

Version: 0.1.3
Check: dependencies in R code
Result: NOTE
    Namespaces in Imports field not imported from:
     ‘formattable’ ‘rlang’
     All declared Imports should be used.
Flavors: r-devel-linux-x86_64-fedora-clang, r-devel-linux-x86_64-fedora-gcc, r-patched-solaris-x86, r-release-macos-x86_64, r-oldrel-macos-x86_64