CRAN Package Check Results for Package poismf

Last updated on 2020-08-15 03:48:15 CEST.

Flavor Version Tinstall Tcheck Ttotal Status Flags
r-devel-linux-x86_64-debian-clang 0.2.3 9.18 2.61 11.79 ERROR
r-devel-linux-x86_64-debian-gcc 0.2.3 9.80 47.07 56.87 OK
r-devel-linux-x86_64-fedora-clang 0.2.3 23.67 ERROR
r-devel-linux-x86_64-fedora-gcc 0.2.3 86.50 OK
r-devel-windows-ix86+x86_64 0.2.3 32.00 120.00 152.00 OK
r-patched-linux-x86_64 0.2.3 10.80 61.85 72.65 OK
r-patched-solaris-x86 0.2.3 137.70 OK
r-release-linux-x86_64 0.2.3 10.34 60.12 70.46 OK
r-release-macos-x86_64 0.2.3 OK
r-release-windows-ix86+x86_64 0.2.3 33.00 121.00 154.00 OK
r-oldrel-macos-x86_64 0.2.3 OK
r-oldrel-windows-ix86+x86_64 0.2.0 22.00 103.00 125.00 OK

Check Details

Version: 0.2.3
Check: whether package can be installed
Result: ERROR
    Installation failed.
Flavors: r-devel-linux-x86_64-debian-clang, r-devel-linux-x86_64-fedora-clang