CRAN Package Check Results for Package pmc

Last updated on 2020-08-03 05:48:56 CEST.

Flavor Version Tinstall Tcheck Ttotal Status Flags
r-devel-linux-x86_64-debian-clang 1.0.3 11.11 217.51 228.62 OK --no-vignettes
r-devel-linux-x86_64-debian-gcc 1.0.3 9.07 153.36 162.43 OK --no-vignettes
r-devel-linux-x86_64-fedora-clang 1.0.3 1120.01 OK
r-devel-linux-x86_64-fedora-gcc 1.0.3 1295.64 OK
r-devel-windows-ix86+x86_64 1.0.3 37.00 268.00 305.00 OK --no-vignettes
r-patched-linux-x86_64 1.0.3 10.68 212.85 223.53 OK --no-vignettes
r-patched-solaris-x86 1.0.3 1439.80 OK
r-release-linux-x86_64 1.0.3 10.85 202.30 213.15 OK --no-vignettes
r-release-macos-x86_64 1.0.3 OK
r-release-windows-ix86+x86_64 1.0.3 42.00 276.00 318.00 OK --no-vignettes
r-oldrel-macos-x86_64 1.0.3 FAIL
r-oldrel-windows-ix86+x86_64 1.0.3 18.00 288.00 306.00 OK --no-vignettes

Check Details

Version: 1.0.3
Check: re-building of vignette outputs
Result: WARN
    Error(s) in re-building vignettes:
    --- re-building ‘pmc_tutorial.Rmd’ using rmarkdown
    Warning in engine$weave(file, quiet = quiet, encoding = enc) :
     Pandoc (>= 1.12.3) and/or pandoc-citeproc not available. Falling back to R Markdown v1.
    Loading required package: ape
    Loading required package: subplex
    
    Attaching package: 'dplyr'
    
    The following objects are masked from 'package:stats':
    
     filter, lag
    
    The following objects are masked from 'package:base':
    
     intersect, setdiff, setequal, union
    
    
    Attaching package: 'gridExtra'
    
    The following object is masked from 'package:dplyr':
    
     combine
    
    Warning in fitContinuous(phy = att$cache$phy, model = att$model, ..., ncores = 1) :
     Parameter estimates appear at bounds:
     lambda
    Warning in fitContinuous(phy = att$cache$phy, model = att$model, ..., ncores = 1) :
     Parameter estimates appear at bounds:
     lambda
    Warning in fitContinuous(phy = att$cache$phy, model = att$model, ..., ncores = 1) :
     Parameter estimates appear at bounds:
     lambda
    Warning in fitContinuous(phy = att$cache$phy, model = att$model, ..., ncores = 1) :
     Parameter estimates appear at bounds:
     lambda
    
    Execution halted
Flavor: r-oldrel-macos-x86_64

Version: 1.0.3
Check: PDF version of manual
Result: FAIL
Flavor: r-oldrel-macos-x86_64