CRAN Package Check Results for Package plyr

Last updated on 2020-07-06 15:48:30 CEST.

Flavor Version Tinstall Tcheck Ttotal Status Flags
r-devel-linux-x86_64-debian-clang 1.8.6 22.58 67.91 90.49 OK
r-devel-linux-x86_64-debian-gcc 1.8.6 17.23 51.62 68.85 OK
r-devel-linux-x86_64-fedora-clang 1.8.6 121.30 OK
r-devel-linux-x86_64-fedora-gcc 1.8.6 106.61 OK
r-devel-windows-ix86+x86_64 1.8.6 56.00 126.00 182.00 OK
r-patched-linux-x86_64 1.8.6 17.76 67.87 85.63 OK
r-patched-solaris-x86 1.8.6 130.80 OK
r-release-linux-x86_64 1.8.6 17.64 67.37 85.01 OK
r-release-osx-x86_64 1.8.6 OK
r-release-windows-ix86+x86_64 1.8.6 47.00 126.00 173.00 OK
r-oldrel-osx-x86_64 1.8.6 NOTE
r-oldrel-windows-ix86+x86_64 1.8.6 46.00 160.00 206.00 OK

Check Details

Version: 1.8.6
Check: dependencies in R code
Result: NOTE
    No protocol specified
    No protocol specified
Flavor: r-oldrel-osx-x86_64