CRAN Package Check Results for Package plyr

Last updated on 2020-11-30 03:47:49 CET.

Flavor Version Tinstall Tcheck Ttotal Status Flags
r-devel-linux-x86_64-debian-clang 1.8.6 29.09 73.46 102.55 OK
r-devel-linux-x86_64-debian-gcc 1.8.6 22.50 55.36 77.86 OK
r-devel-linux-x86_64-fedora-clang 1.8.6 127.14 OK
r-devel-linux-x86_64-fedora-gcc 1.8.6 110.57 OK
r-devel-windows-ix86+x86_64 1.8.6 48.00 138.00 186.00 OK
r-patched-linux-x86_64 1.8.6 36.43 74.00 110.43 OK
r-patched-solaris-x86 1.8.6 131.90 OK
r-release-linux-x86_64 1.8.6 36.75 72.93 109.68 OK
r-release-macos-x86_64 1.8.6 OK
r-release-windows-ix86+x86_64 1.8.6 49.00 124.00 173.00 OK
r-oldrel-macos-x86_64 1.8.6 NOTE
r-oldrel-windows-ix86+x86_64 1.8.6 46.00 143.00 189.00 OK

Check Details

Version: 1.8.6
Check: dependencies in R code
Result: NOTE
    No protocol specified
    No protocol specified
Flavor: r-oldrel-macos-x86_64