Last updated on 2023-12-07 16:49:41 CET.
Flavor | Version | Tinstall | Tcheck | Ttotal | Status | Flags |
---|---|---|---|---|---|---|
r-devel-linux-x86_64-debian-clang | 0.9.10 | 12.51 | 80.62 | 93.13 | OK | |
r-devel-linux-x86_64-debian-gcc | 0.9.10 | 8.73 | 61.79 | 70.52 | OK | |
r-devel-linux-x86_64-fedora-clang | 0.9.10 | 113.71 | OK | |||
r-devel-linux-x86_64-fedora-gcc | 0.9.10 | 109.84 | OK | |||
r-devel-windows-x86_64 | 0.9.10 | 9.00 | 80.00 | 89.00 | OK | |
r-patched-linux-x86_64 | 0.9.10 | 10.15 | 80.01 | 90.16 | OK | |
r-release-linux-x86_64 | 0.9.10 | 8.41 | 77.67 | 86.08 | OK | |
r-release-macos-arm64 | 0.9.10 | 34.00 | NOTE | |||
r-release-macos-x86_64 | 0.9.10 | 51.00 | NOTE | |||
r-release-windows-x86_64 | 0.9.10 | 12.00 | 91.00 | 103.00 | OK | |
r-oldrel-macos-arm64 | 0.9.10 | 32.00 | NOTE | |||
r-oldrel-macos-x86_64 | 0.9.10 | 44.00 | NOTE | |||
r-oldrel-windows-x86_64 | 0.9.10 | 13.00 | 89.00 | 102.00 | OK |
Version: 0.9.10
Check: package dependencies
Result: NOTE
Package suggested but not available for checking: ‘Rmpi’
Flavors: r-release-macos-arm64, r-release-macos-x86_64, r-oldrel-macos-arm64, r-oldrel-macos-x86_64