Last updated on 2023-09-21 05:55:04 CEST.
Flavor | Version | Tinstall | Tcheck | Ttotal | Status | Flags |
---|---|---|---|---|---|---|
r-devel-linux-x86_64-debian-clang | 2.8-2 | 6.95 | 71.94 | 78.89 | OK | |
r-devel-linux-x86_64-debian-gcc | 2.8-2 | 4.40 | 54.42 | 58.82 | OK | |
r-devel-linux-x86_64-fedora-clang | 2.8-2 | 106.05 | NOTE | |||
r-devel-linux-x86_64-fedora-gcc | 2.8-2 | 107.37 | OK | |||
r-devel-windows-x86_64 | 2.8-2 | 10.00 | 97.00 | 107.00 | OK | |
r-patched-linux-x86_64 | 2.8-2 | 8.61 | 70.36 | 78.97 | OK | |
r-release-linux-x86_64 | 2.8-2 | 7.75 | 69.91 | 77.66 | OK | |
r-release-macos-arm64 | 2.8-2 | 44.00 | NOTE | |||
r-release-macos-x86_64 | 2.8-2 | 105.00 | NOTE | |||
r-release-windows-x86_64 | 2.8-2 | 8.00 | 95.00 | 103.00 | OK | |
r-oldrel-macos-arm64 | 2.8-2 | 38.00 | NOTE | |||
r-oldrel-macos-x86_64 | 2.8-2 | 60.00 | NOTE | |||
r-oldrel-windows-x86_64 | 2.8-2 | 11.00 | 92.00 | 103.00 | OK |
Version: 2.8-2
Check: Rd cross-references
Result: NOTE
Undeclared package ‘sm’ in Rd xrefs
Flavor: r-devel-linux-x86_64-fedora-clang
Version: 2.8-2
Check: package dependencies
Result: NOTE
Package suggested but not available for checking: ‘Rmpi’
Flavors: r-release-macos-arm64, r-release-macos-x86_64, r-oldrel-macos-arm64, r-oldrel-macos-x86_64