CRAN Package Check Results for Package plotrr

Last updated on 2020-08-15 03:48:14 CEST.

Flavor Version Tinstall Tcheck Ttotal Status Flags
r-devel-linux-x86_64-debian-clang 1.0.0 2.06 44.21 46.27 OK
r-devel-linux-x86_64-debian-gcc 1.0.0 1.88 33.42 35.30 OK
r-devel-linux-x86_64-fedora-clang 1.0.0 62.13 NOTE
r-devel-linux-x86_64-fedora-gcc 1.0.0 53.05 NOTE
r-devel-windows-ix86+x86_64 1.0.0 10.00 71.00 81.00 OK
r-patched-linux-x86_64 1.0.0 2.46 42.17 44.63 OK
r-patched-solaris-x86 1.0.0 76.20 NOTE
r-release-linux-x86_64 1.0.0 2.30 44.14 46.44 OK
r-release-macos-x86_64 1.0.0 NOTE
r-release-windows-ix86+x86_64 1.0.0 9.00 56.00 65.00 OK
r-oldrel-macos-x86_64 1.0.0 NOTE
r-oldrel-windows-ix86+x86_64 1.0.0 5.00 54.00 59.00 OK

Check Details

Version: 1.0.0
Check: dependencies in R code
Result: NOTE
    Namespaces in Imports field not imported from:
     ‘dplyr’ ‘stats’
     All declared Imports should be used.
Flavors: r-devel-linux-x86_64-fedora-clang, r-devel-linux-x86_64-fedora-gcc, r-patched-solaris-x86, r-release-macos-x86_64, r-oldrel-macos-x86_64