CRAN Package Check Results for Package plotrix

Last updated on 2020-07-14 03:47:59 CEST.

Flavor Version Tinstall Tcheck Ttotal Status Flags
r-devel-linux-x86_64-debian-clang 3.7-8 16.71 91.80 108.51 OK
r-devel-linux-x86_64-debian-gcc 3.7-8 14.25 70.37 84.62 OK
r-devel-linux-x86_64-fedora-clang 3.7-8 134.62 OK
r-devel-linux-x86_64-fedora-gcc 3.7-8 130.38 OK
r-devel-windows-ix86+x86_64 3.7-8 28.00 105.00 133.00 OK
r-patched-linux-x86_64 3.7-8 16.33 91.62 107.95 OK
r-patched-solaris-x86 3.7-8 156.40 OK
r-release-linux-x86_64 3.7-8 15.81 92.94 108.75 OK
r-release-macos-x86_64 3.7-8 ERROR
r-release-windows-ix86+x86_64 3.7-8 25.00 124.00 149.00 OK
r-oldrel-macos-x86_64 3.7-8 OK
r-oldrel-windows-ix86+x86_64 3.7-8 31.00 142.00 173.00 OK

Check Details

Version: 3.7-8
Check: whether package can be installed
Result: ERROR
    Installation failed.
Flavor: r-release-macos-x86_64